hest common divisor of 702451671 and 207?
69
Calculate the highest common factor of 357103197 and 99.
99
What is the highest common factor of 3861 and 126048?
39
What is the highest common divisor of 47407842 and 882?
18
What is the greatest common factor of 180 and 155140470?
90
What is the highest common factor of 119606225 and 2665?
205
What is the highest common divisor of 21 and 6183401?
7
What is the greatest common factor of 2 and 35102726?
2
What is the greatest common divisor of 35805210 and 265?
265
What is the highest common divisor of 380077516 and 11180?
2236
What is the highest common factor of 266 and 26115481?
133
What is the highest common divisor of 83345 and 4381735?
395
Calculate the greatest common factor of 14725384 and 152.
8
What is the greatest common divisor of 356747 and 5979?
1993
Calculate the highest common factor of 133 and 14160629.
7
Calculate the highest common factor of 144 and 178981584.
48
What is the highest common factor of 2 and 3815630?
2
Calculate the highest common divisor of 152 and 255265076.
76
What is the highest common factor of 54 and 209082?
6
What is the highest common divisor of 220 and 35345390?
10
What is the greatest common factor of 162 and 242796906?
54
Calculate the highest common divisor of 588 and 30236892.
84
What is the greatest common divisor of 52024 and 117166?
14
What is the greatest common factor of 11266 and 434386?
86
What is the greatest common divisor of 265 and 53482565?
265
Calculate the highest common divisor of 45495 and 7164620.
1685
What is the greatest common divisor of 1488 and 32632?
8
What is the highest common divisor of 40832397 and 27?
27
Calculate the highest common factor of 13894793 and 121.
121
Calculate the greatest common factor of 27292423 and 2165.
433
What is the highest common divisor of 50775 and 9825?
75
Calculate the greatest common factor of 126 and 130610214.
126
What is the highest common factor of 509621 and 2259901?
329
Calculate the greatest common factor of 12236 and 20620719.
3059
Calculate the highest common divisor of 160332 and 6780.
12
Calculate the greatest common divisor of 749415765 and 228.
57
Calculate the highest common factor of 627 and 101859.
57
What is the highest common divisor of 42315 and 7122219?
1209
Calculate the highest common divisor of 8 and 76879672.
8
Calculate the greatest common factor of 115 and 36060665.
115
Calculate the greatest common factor of 250 and 16438670.
10
Calculate the highest common factor of 2274364 and 268336.
2164
What is the greatest common divisor of 31464 and 10719?
9
Calculate the greatest common factor of 5947 and 90820.
19
What is the greatest common factor of 2622988 and 1748?
76
Calculate the greatest common factor of 51568890 and 1238.
1238
Calculate the highest common factor of 13132 and 178360.
196
Calculate the highest common factor of 1554 and 30822221.
37
Calculate the greatest common factor of 51 and 875041.
17
What is the highest common divisor of 52 and 5616736?
4
Calculate the greatest common factor of 40044 and 66243.
213
Calculate the highest common factor of 6106228 and 6.
2
What is the greatest common factor of 2046916016 and 16?
16
Calculate the highest common factor of 460 and 2033453.
23
Calculate the highest common divisor of 6662435 and 1040.
65
What is the greatest common factor of 25555771 and 1307?
1307
Calculate the greatest common divisor of 47192 and 433976.
136
What is the highest common factor of 1722 and 2625066?
246
What is the greatest common factor of 153951 and 24423?
21
Calculate the greatest common divisor of 162729 and 609.
21
What is the greatest common factor of 1155476 and 9100?
28
What is the greatest common factor of 5 and 548466755?
5
What is the highest common divisor of 2756 and 394174144?
2756
What is the greatest common factor of 5104212 and 2604?
372
What is the highest common factor of 126 and 7379514?
18
What is the greatest common factor of 19629 and 2403?
27
Calculate the greatest common divisor of 748769 and 95011.
343
Calculate the highest common factor of 42989640 and 30.
30
Calculate the highest common factor of 839063 and 23.
23
Calculate the greatest common divisor of 292 and 60735854.
146
Calculate the highest common factor of 128 and 14517312.
64
Calculate the highest common factor of 228336 and 10609584.
3216
Calculate the highest common factor of 1538 and 5249963.
769
Calculate the highest common divisor of 42261690 and 43440.
5430
What is the greatest common factor of 43726578 and 154?
14
Calculate the highest common divisor of 60809 and 15589.
119
What is the highest common divisor of 4915110 and 30?
30
What is the greatest common divisor of 1162416 and 53680?
976
What is the highest common factor of 9474150 and 227850?
7350
Calculate the greatest common divisor of 177179075 and 3050.
1525
What is the highest common divisor of 1371933 and 2147?
2147
Calculate the highest common factor of 165720875 and 250.
125
What is the highest common factor of 840 and 624165?
15
Calculate the greatest common factor of 6752 and 4096.
32
Calculate the highest common divisor of 128 and 4432488.
8
What is the greatest common factor of 6977 and 1667?
1
What is the highest common divisor of 35850283 and 515?
103
Calculate the greatest common factor of 7 and 36938167.
7
Calculate the highest common factor of 11976558 and 1896.
474
What is the greatest common factor of 27864 and 47952?
648
What is the highest common factor of 140287 and 66199?
343
What is the highest common factor of 2765 and 27668249?
553
Calculate the greatest common divisor of 18710266 and 2644.
1322
What is the highest common factor of 24458930 and 10160?
1270
What is the highest common divisor of 19128072 and 36?
12
Calculate the highest common divisor of 90970 and 4070.
110
What is the highest common divisor of 38262616 and 1708?
1708
Calculate the greatest common factor of 596 and 8612.
4
What is the greatest common factor of 1876 and 5181043?
469
Calculate the highest common factor of 158 and 540283528.
158
Calculate the greatest common divisor of 19520743 and 11407.
187
What is the highest common divisor of 212 and 23792866?
106
What is the highest common factor of 104 and 844792052?
52
Calculate the greatest common factor of 47998425 and 5925.
5925
What is the highest common divisor of 6360192 and 2088?
72
Calculate the greatest common factor of 65381017 and 13.
13
What is the highest common divisor of 113925 and 2745546?
93
What is the greatest common factor of 25473408 and 384?
384
Calculate the greatest common factor of 101264920 and 2174.
2174
What is the greatest common divisor of 46081745 and 205?
205
Calculate the greatest common divisor of 5516 and 232657.
197
Calculate the highest common divisor of 116482 and 717518.
278
Calculate the greatest common factor of 170597 and 1113.
7
What is the greatest common divisor of 7 and 1836240?
7
What is the highest common divisor of 2416 and 166553000?
1208
Calculate the highest common factor of 1911 and 2874732.
147
Calculate the highest common divisor of 28969 and 226351.
491
What is the highest common divisor of 99644 and 15254?
58
Calculate the greatest common factor of 2889666 and 234.
234
Calculate the highest common factor of 304522 and 112417.
1423
What is the greatest common factor of 47322732 and 2369?
103
Calculate the highest common factor of 864 and 1307672352.
288
What is the highest common divisor of 66766 and 707504?
14
What is the highest common factor of 1694 and 20669341?
847
What is the greatest common factor of 3176 and 22368568?
3176
What is the greatest common divisor of 2161 and 616783976?
2161
Calculate the greatest common divisor of 20485 and 6226235.
1205
Calculate the greatest common factor of 23731 and 1501.
19
Calculate the highest common factor of 14250270 and 7965.
885
Calculate the highest common divisor of 4437828 and 12312.
324
Calculate the highest common divisor of 22944 and 10024.
8
What is the highest common factor of 1265474296 and 37?
37
Calculate the highest common factor of 52417 and 8081334.
2279
Calculate the greatest common factor of 348220585 and 29930.
14965
Calculate the highest common factor of 102 and 73935108.
102
Calculate the highest common factor of 391510 and 20454